Calculate the highest common divisor of i and b.
6
Suppose -3*o + 347 = 3*g - o, -g + 127 = -5*o. Calculate the greatest common factor of g and 13.
13
Let y = -10 + 2. Let i(z) = z**3 + 9*z**2 - 2*z + 8. Let o be i(y). What is the highest common factor of 8 and o?
8
Let q be ((-1575)/(-14))/((-6)/(-16)). Suppose -5*z + 5*i - q = 0, -z - 52 = -3*i - 0*i. Let y = 104 + z. What is the highest common factor of 16 and y?
8
Let t be (18 + 10)*1/(-2). Let x(y) = y + 18. Let f be x(t). Calculate the greatest common factor of 1 and f.
1
Suppose 15 = k + 4*k. Suppose -k*q = -65 - 103. Let n(u) = 5*u - 1. Let r be n(3). Calculate the highest common factor of r and q.
14
Let z(t) = -t**3 - 10*t**2 + 11*t + 17. Let j be z(-11). Let p(g) = g**3 - 9*g**2 + g + 8. Let w be p(9). Calculate the highest common factor of w and j.
17
Let q(g) = -4*g**3 - 2*g**2 + g - 2. Let f be q(-2). Calculate the highest common factor of 140 and f.
20
Let i = -106 - -154. Let r = 18 - 10. Let k = r + -2. What is the highest common factor of i and k?
6
Let u be (-2)/(-1 + (-2)/(-4)). Suppose u*t - 5 = 99. What is the greatest common factor of 13 and t?
13
Suppose 6*r - 106 = 2*r + 2*t, 0 = -4*r + 5*t + 121. Calculate the greatest common factor of r and 264.
24
Let u(h) = h**2. Let r be u(2). Suppose 0 = 5*y - 9*v + 4*v - 300, -2*y + r*v = -128. Calculate the greatest common factor of y and 7.
7
Let h = -6 - -20. Suppose 3*m = -2*v + 7, -m + 4*v - 4 = 3*m. Let r be 33 + m + (-2 - -3). Calculate the greatest common factor of h and r.
7
Suppose 4 = -q - 1. Let a be ((-8)/q)/((-2)/(-25)). Suppose -3*h + 7 = -5. Calculate the highest common factor of h and a.
4
Let q(i) be the second derivative of i**4/3 + 4*i**3/3 + 3*i**2/2 + 7*i. Let y be q(-6). Calculate the highest common divisor of y and 11.
11
Let p(j) = j**3 + 4*j**2 + 4*j + 1. Let o be p(-3). Let m be o - ((-1 - 4) + 0). Let x be 30/5*10/m. What is the highest common divisor of x and 10?
10
Let p(l) = 3*l**2 - 2*l - 1. Suppose -o = -6*o - 10. Let f be p(o). What is the greatest common divisor of 15 and f?
15
Let j be ((-54)/(-2))/((-6)/(-4)). What is the greatest common divisor of 2 and j?
2
Suppose -2 - 11 = -4*r - 3*i, 5*i = -25. Calculate the greatest common divisor of 14 and r.
7
Let v be 2 - 0 - (4 - 11). What is the highest common divisor of v and 45?
9
Suppose -n + 36 = 3*n. Suppose 4*p - 1 = s + 9, -3*p = 2*s - 24. Calculate the highest common factor of s and n.
3
Suppose -5*v + 53 = -37. Let m be 4/14 - (-250)/7. What is the highest common divisor of m and v?
18
Suppose s - 2*d = -0*s + 19, -3*s - 4*d = -17. What is the highest common divisor of 121 and s?
11
Suppose -4*b + 1 = -7. Suppose 0 = -5*v - 2*c + 117 + 480, -5*v = -b*c - 593. Calculate the greatest common factor of v and 17.
17
Suppose -w - 5*a = -25, 5*w - 2*w - 129 = 3*a. Let v be (6/15)/((-1)/10). Let t be (1 + v)/((-6)/16). What is the greatest common factor of t and w?
8
Suppose -18 = -4*a + 2*v - 0*v, -3*v = 4*a - 3. Suppose 220 = a*t + t. What is the greatest common divisor of 22 and t?
11
Suppose 5*f + 0*f = 220. Let x = 4 + 0. Let q = x + 7. Calculate the highest common factor of q and f.
11
Suppose 2*h + 60 = 2*t + 2*t, -75 = -5*t + 4*h. What is the greatest common divisor of t and 75?
15
Suppose -5*o + 448 = 9*o. What is the greatest common factor of o and 64?
32
Suppose 49 = 8*f - 311. Calculate the highest common factor of f and 18.
9
Let a = -131 + 183. Suppose 0 = -2*s - 4*f + 40, 3*s - 4*f - a - 8 = 0. Calculate the greatest common factor of s and 10.
10
Let m(p) be the second derivative of 1/20*p**5 + 2*p**2 + 1/3*p**4 - 5/6*p**3 - p + 0. Let a be m(-5). What is the greatest common factor of 8 and a?
4
Let b = 414 - 977. Let u = -353 - b. Calculate the greatest common divisor of 21 and u.
21
Let k = 105 + -17. Suppose -5 = -5*l + 35. Calculate the highest common factor of l and k.
8
Let i(a) = -2*a**3 + a**2 + 2*a - 1. Let x be i(-2). Suppose 0 = 5*p + x, g = p - 4*p + 215. What is the highest common divisor of 28 and g?
28
Suppose 2*x - 5*t - 20 = 0, x + 2*x + 4*t - 30 = 0. What is the greatest common divisor of 20 and x?
10
Let q(u) = u**3 - 18*u**2 - 17*u + 4. Let w be q(19). What is the highest common divisor of w and 7?
7
Let d(x) = x + 12. Let a be d(0). Suppose 0*k + 2*l = 2*k - a, -2*l - 18 = -4*k. Calculate the greatest common factor of 3 and k.
3
Let p(q) be the second derivative of q**4/4 + 3*q**3/2 + q**2/2 + 5*q. Let g be p(-4). What is the greatest common divisor of g and 91?
13
Suppose -3*y - 2*j + 120 = -15, y - 45 = 5*j. What is the greatest common divisor of y and 9?
9
Let s be (-2)/(-6) - 200/15. Let f = s - -15. Calculate the greatest common factor of 12 and f.
2
Let c = 37 - 26. What is the highest common factor of c and 77?
11
Let h be (-4)/((-8)/30) + -4. What is the highest common divisor of h and 11?
11
Suppose 4*b - 20 = 20. Let z = 18 - b. Suppose -8*h + 80 = -6*h. Calculate the highest common divisor of z and h.
8
Suppose -k - 37 = -5*d, 0*k - 16 = -2*d + k. Suppose 0 = -0*c - 2*c + 56. Calculate the highest common factor of d and c.
7
Suppose -s - 4*s = -20. Suppose a + 33 = s*a. Let n(q) = 5*q**3 - 3*q**2 + 4*q - 3. Let v be n(2). Calculate the greatest common divisor of a and v.
11
Let d be (-255)/11 - (-4)/22. Let j = d - -40. What is the highest common factor of 153 and j?
17
Let u be (-17)/68 - (-477)/4. Let v = -83 + u. What is the greatest common divisor of 144 and v?
36
Let z = -12 + 0. Let s = z - -21. Calculate the highest common factor of s and 63.
9
Suppose 2*v + 0*v + 16 = 0. Let n(y) = -y**2 - 8*y + 3. Let o be n(v). Let t be (-45)/10*(-2)/o. What is the highest common factor of 2 and t?
1
Suppose -u - 20 = 5*x - 9, -5*u + 50 = 4*x. Let s(m) = 2*m**3 - 2*m**2 + m - 4. Let w be s(3). What is the highest common factor of u and w?
7
Let o = 138 - 127. Suppose -2*c + 15 = 3*c. Suppose f + c = 0, -3*f - 11 = -2*s - 0. What is the highest common factor of o and s?
1
Suppose -2*k - 2*k + 64 = 0. Let d(f) = 32*f**2 - 14*f - 28. Let j be d(-2). Calculate the highest common factor of k and j.
16
Suppose -100 = -6*q - 16. What is the greatest common divisor of 56 and q?
14
Let m = 33 + -1. Suppose -3*s - m = -212. Let l = -3 + 18. What is the highest common factor of s and l?
15
Suppose -188 = -4*j - 4*y, 3*j - 5*y = -0*y + 133. Calculate the highest common divisor of j and 23.
23
Let m(g) = -g**3 + 8*g**2 - 7*g - 2. Let z be m(5). Suppose -3 + z = 5*f. Calculate the greatest common divisor of 77 and f.
7
Let r be 7 + -1 + 25 + 4. Let g = 0 + 7. What is the highest common divisor of r and g?
7
Let t(b) be the second derivative of b**4/6 + 5*b**3/3 + 7*b**2/2 + 2*b. Let y be t(-7). What is the highest common factor of y and 5?
5
Let x = -3 - -27. Suppose 0 = -3*l + 14 + 22. What is the greatest common divisor of l and x?
12
Let g(u) = -4*u - 2. Let z be g(-2). What is the highest common factor of 15 and z?
3
Let n = 33 + -20. Calculate the greatest common divisor of 52 and n.
13
Suppose 0 = d, 4*x - 88 = -0*x - 3*d. Suppose -5*s = -z - 3*z + x, -3*s = -z + 9. Let p = 6 - s. What is the highest common factor of p and 12?
4
Suppose b - 384 = -7*b. What is the highest common factor of 12 and b?
12
Let j(w) = w**3 + 5*w**2 - 8*w - 9. Let x be j(-6). Suppose 0 = -g + 4*g - 3. What is the greatest common factor of x and g?
1
Let w be 4 - 2 - (1 + -1). Let j be 4/(-8)*w + 7. Calculate the greatest common factor of 30 and j.
6
Let s be 4/(-18) - (-4048)/72. Calculate the greatest common divisor of s and 8.
8
Let v be (2/2)/(-1) + 9. Calculate the highest common factor of 24 and v.
8
Suppose -m = -0 + 5, 2*m = 4*o - 46. What is the greatest common factor of o and 9?
9
Suppose -t + 27 = 5*o, 46 = 3*t + 2*o - 35. What is the highest common factor of 243 and t?
27
Suppose -q = 4*z - 6*q - 17, -3*z - 31 = 5*q. Let k be 58/4 + 1/z. What is the greatest common divisor of 14 and k?
14
Let c(r) = 2*r + 14. Let q be c(5). What is the greatest common factor of q and 120?
24
Suppose x - 97 - 101 = 0. Calculate the highest common divisor of 22 and x.
22
Let t = -20 - -23. What is the highest common factor of t and 1?
1
Suppose 2*b + 4*j = -4, -6*b + 10 = -b + 5*j. Let s(k) = b + 1 + 1 + k**2 + 0*k + 2*k. Let w be s(-8). Calc